5 is divided by 108.
13
What is the remainder when 83949 is divided by 2461?
275
What is the remainder when 109639 is divided by 814?
563
Calculate the remainder when 861336 is divided by 4245.
3846
Calculate the remainder when 1218121 is divided by 27.
16
Calculate the remainder when 28542738 is divided by 63854.
0
What is the remainder when 155938 is divided by 5780?
5658
Calculate the remainder when 545140 is divided by 1947.
1927
Calculate the remainder when 6082409 is divided by 1942.
65
What is the remainder when 23571964 is divided by 194?
188
Calculate the remainder when 4170960 is divided by 1390293.
81
Calculate the remainder when 23240473 is divided by 4648093.
8
What is the remainder when 1272091 is divided by 423906?
373
Calculate the remainder when 682784 is divided by 174.
8
What is the remainder when 258905 is divided by 18432?
857
What is the remainder when 75360161 is divided by 19254?
5
What is the remainder when 16189086 is divided by 16189083?
3
Calculate the remainder when 203135 is divided by 202987.
148
What is the remainder when 13246121 is divided by 3872?
9
What is the remainder when 15547077 is divided by 860?
857
What is the remainder when 353981 is divided by 903?
5
Calculate the remainder when 18999722 is divided by 103.
33
Calculate the remainder when 344108 is divided by 114687.
47
Calculate the remainder when 1703501 is divided by 174.
41
What is the remainder when 274847 is divided by 249?
200
Calculate the remainder when 605022 is divided by 8130.
3402
What is the remainder when 27542134 is divided by 9180678?
100
What is the remainder when 17515677 is divided by 1092?
1089
What is the remainder when 4284589 is divided by 104?
101
What is the remainder when 240871 is divided by 2540?
2111
What is the remainder when 1822803 is divided by 2122?
5
What is the remainder when 155470 is divided by 3971?
601
Calculate the remainder when 7803567 is divided by 890.
47
Calculate the remainder when 5232462 is divided by 4881.
30
Calculate the remainder when 667112 is divided by 44466.
122
Calculate the remainder when 6965766 is divided by 399.
24
Calculate the remainder when 20755948 is divided by 42620.
8
Calculate the remainder when 3774812 is divided by 21.
20
What is the remainder when 668277685 is divided by 26?
23
What is the remainder when 18617339 is divided by 422?
387
Calculate the remainder when 1217175 is divided by 828.
15
What is the remainder when 44297378 is divided by 69?
68
What is the remainder when 155091 is divided by 116?
115
Calculate the remainder when 569265 is divided by 53.
45
Calculate the remainder when 560778452 is divided by 8537.
8533
What is the remainder when 12912924 is divided by 4304294?
42
What is the remainder when 44810595 is divided by 2491?
2487
Calculate the remainder when 15034514 is divided by 366695.
19
What is the remainder when 91275 is divided by 12834?
1437
Calculate the remainder when 24588059 is divided by 42.
41
Calculate the remainder when 31629 is divided by 31618.
11
What is the remainder when 1582472 is divided by 79120?
72
What is the remainder when 69050738 is divided by 12?
2
Calculate the remainder when 2253404 is divided by 587.
498
What is the remainder when 1127626 is divided by 161009?
563
Calculate the remainder when 223378 is divided by 111597.
184
Calculate the remainder when 310911 is divided by 3879.
591
Calculate the remainder when 22213246 is divided by 2226.
2218
Calculate the remainder when 7047 is divided by 369.
36
Calculate the remainder when 1290622 is divided by 28052.
230
What is the remainder when 128850 is divided by 32111?
406
Calculate the remainder when 4452674 is divided by 445267.
4
Calculate the remainder when 15463640 is divided by 2577268.
32
What is the remainder when 34201999 is divided by 69?
10
Calculate the remainder when 188602 is divided by 37.
13
Calculate the remainder when 2284064 is divided by 2464.
2400
What is the remainder when 2444921 is divided by 23737?
10
What is the remainder when 1369661 is divided by 157?
150
What is the remainder when 77317 is divided by 2315?
922
What is the remainder when 68845919 is divided by 26?
25
Calculate the remainder when 31393826 is divided by 93434.
2
Calculate the remainder when 174983 is divided by 2057.
138
What is the remainder when 18342318 is divided by 181?
140
Calculate the remainder when 8797449 is divided by 262.
13
What is the remainder when 64340891 is divided by 1782?
1781
Calculate the remainder when 307998 is divided by 235.
148
Calculate the remainder when 20456 is divided by 591.
362
What is the remainder when 36356976 is divided by 28?
12
What is the remainder when 1791826 is divided by 357853?
2561
What is the remainder when 1794628 is divided by 292?
288
Calculate the remainder when 36480836 is divided by 12160275.
11
What is the remainder when 11173 is divided by 2190?
223
What is the remainder when 50051 is divided by 49333?
718
What is the remainder when 104349159 is divided by 3111?
3108
What is the remainder when 20393436 is divided by 313745?
11
Calculate the remainder when 1486018 is divided by 106135.
128
Calculate the remainder when 193439 is divided by 36.
11
Calculate the remainder when 15400031 is divided by 5600.
31
What is the remainder when 296988 is divided by 318?
294
What is the remainder when 4293563 is divided by 204455?
8
Calculate the remainder when 355589 is divided by 40.
29
What is the remainder when 11005268 is divided by 4055?
4053
What is the remainder when 5998176 is divided by 5998163?
13
Calculate the remainder when 2488855 is divided by 3457.
3272
Calculate the remainder when 2272096 is divided by 20.
16
What is the remainder when 43674 is divided by 1999?
1695
What is the remainder when 3111047 is divided by 2599?
44
What is the remainder when 12513807 is divided by 251?
202
What is the remainder when 1863 is divided by 1449?
414
What is the remainder when 5460504 is divided by 251?
250
What is the remainder when 6728 is divided by 6585?
143
What is the remainder when 196187 is divided by 4390?
3027
What is the remainder when 400372 is divided by 36396?
16
Calculate the remainder when 213722 is divided by 71239.
5
What is the remainder when 7242867 is divided by 658415?
302
Calculate the remainder when 86314 is divided by 17187.
379
Calculate the remainder when 626925 is divided by 2045.
1155
Calculate the remainder when 2199301 is divided by 21.
13
Calculate the remainder when 61176 is divided by 5.
1
What is the remainder when 20037 is divided by 4930?
317
What is the remainder when 54052 is divided by 53063?
989
Calculate the remainder when 220655 is divided by 36774.
11
What is the remainder when 785655 is divided by 546?
507
What is the remainder when 73064 is divided by 5521?
1291
What is the remainder when 697605 is divided by 13944?
405
Calculate the remainder when 618708 is divided by 145.
138
What is the remainder when 1089185439 is divided by 16?
15
What is the remainder when 4670865 is divided by 667266?
3
Calculate the remainder when 3524663 is divided by 4.
3
What is the remainder when 73134 is divided by 1160?
54
What is the remainder when 6627479 is divided by 25104?
23
What is the remainder when 818677 is divided by 2353?
2186
What is the remainder when 195595 is divided by 2964?
2935
What is the remainder when 28040955 is divided by 66?
63
Calculate the remainder when 44252 is divided by 21925.
402
What is the remainder when 56176 is divided by 13888?
624
What is the remainder when 2328107 is divided by 1164028?
51
What is the remainder when 79362 is divided by 1724?
58
What is the remainder when 565497 is divided by 126?
9
What is the remainder when 467533 is divided by 11625?
2533
What is the remainder when 149292724 is divided by 988?
984
Calculate the remainder when 3678 is divided by 1366.
946
Calculate the remainder when 140159 is divided by 134.
129
Calculate the remainder when 55002739 is divided by 489.
19
Calculate the remainder when 5299251 is divided by 757034.
13
What is the remainder when 43394454 is divided by 227?
226
What is the remainder when 6702 is divided by 1493?
730
What is the remainder when 200719 is divided by 31817?
9817
Calculate the remainder when 15471981 is divided by 1933994